t y(r) = 2615*r - 251128. Give y(96).
-88
Let i(q) = -43*q**2 - 2233*q - 255. Give i(-52).
-411
Let j(k) = 3*k**2 - 5150*k + 126914. Give j(25).
39
Let q(a) = -3*a**2 + 286*a + 2158. Give q(103).
-211
Let o(z) = -28624*z - 457970. Determine o(-16).
14
Let a(n) = 11373*n - 22747. Calculate a(2).
-1
Let a(w) = 477*w**2 + 54365*w - 1491. Calculate a(-114).
-9
Let c(m) = -635*m + 82574. What is c(130)?
24
Let t(y) = 10*y**2 - 317*y - 6536. What is t(46)?
42
Let k(p) = -2*p**3 + 10*p**2 - 205*p - 8. What is k(0)?
-8
Let q(n) = 137*n - 6607. Calculate q(48).
-31
Let f(h) = 3619*h + 213567. Give f(-59).
46
Let x(b) = 153*b - 780. Determine x(8).
444
Let k(j) = -1070*j - 115558. Calculate k(-108).
2
Let q(i) = 1106*i - 226746. Calculate q(205).
-16
Let x(v) = 560*v - 8425. What is x(19)?
2215
Let q(z) = 133362*z - 800155. Calculate q(6).
17
Let j(p) = -10*p**2 - 451*p - 94. Give j(-45).
-49
Let h(c) = 5*c**3 - 12*c**2 - 23*c - 62. Give h(0).
-62
Let b(u) = 5*u**2 + 98*u - 3772. Determine b(-39).
11
Let c(i) = -i**3 - 137*i**2 - 529*i + 716. Give c(-133).
317
Let f(l) = -217*l - 1525. Determine f(-9).
428
Let o(h) = -155*h**3 + h**2 + 45*h + 85. What is o(-2)?
1239
Let x(u) = 4767*u - 218918. Give x(46).
364
Let m(c) = -c**3 + 708*c**2 - 22916*c + 62. Calculate m(34).
62
Let l(g) = 3*g**2 + 28646*g + 371883. Give l(-13).
-8
Let k(l) = 14*l**2 - 1663*l - 43820. Calculate k(141).
31
Let w(k) = -k**3 + 286*k**2 + 11955*k + 147. Give w(-37).
-1
Let r(c) = c**3 + 860*c**2 + 29665*c + 37. Give r(-36).
1
Let q(y) = 7*y**3 - 4*y**2 - 34*y + 1. Give q(-3).
-122
Let c(g) = -2621*g + 23632. Give c(9).
43
Let k(q) = 11871*q + 379877. Determine k(-32).
5
Let b(f) = -527*f + 73773. Determine b(140).
-7
Let q(g) = -42*g**2 + 916*g - 1643. Give q(2).
21
Let l(g) = g**3 + 864*g**2 - 5173*g + 3. What is l(6)?
285
Let j(a) = -a**2 - 609*a - 80067. Determine j(-417).
-3
Let a(s) = 20*s**2 + 94*s - 842. Give a(6).
442
Let n(y) = 579*y**2 - 3020*y + 577. What is n(5)?
-48
Let z(b) = 14*b**2 + 143*b - 131. Calculate z(-12).
169
Let p(o) = 1903*o - 3829. Determine p(2).
-23
Let t(k) = -4*k**2 - 541*k + 3826. Give t(7).
-157
Let s(n) = -3668820*n - 18344097. Calculate s(-5).
3
Let q(o) = -29*o**2 + 689*o - 237. Determine q(23).
269
Let g(f) = 87*f**2 + 16976*f + 33946. Give g(-2).
342
Let i(d) = -27*d**2 - 2065*d - 976. What is i(-76)?
12
Let q(x) = -256*x + 6159. What is q(22)?
527
Let c(l) = 4*l**3 + 19*l**2 + 9*l - 13. Calculate c(3).
293
Let g(l) = 6*l**3 + 19*l**2 - 148*l - 189. Calculate g(-6).
87
Let w(s) = s**3 + 51*s**2 + 550*s - 319. What is w(-35)?
31
Let z(a) = 102*a**2 - 4715*a + 1067. Determine z(46).
9
Let y(f) = 33*f**2 + 576*f - 83. Calculate y(-18).
241
Let d(w) = -8*w**2 - 4341*w + 45904. Calculate d(-553).
5
Let g(w) = -3*w**2 - 361*w - 3705. Calculate g(-108).
291
Let p(k) = -25*k - 89. Give p(38).
-1039
Let n(x) = 3*x**2 + 415*x + 2151. What is n(-131)?
-731
Let o(d) = -2*d**2 - 7647*d - 30571. Calculate o(-4).
-15
Let j(k) = 4*k**3 + 81*k**2 - 147*k + 83. What is j(-22)?
-71
Let j(p) = -2427*p**3 - 201*p**2 - 200*p. Give j(-1).
2426
Let f(g) = -145189*g - 12776596. Calculate f(-88).
36
Let l(r) = -42618*r - 213089. Determine l(-5).
1
Let l(y) = -3*y**3 - 31*y**2 - 342*y - 2277. What is l(-8)?
11
Let d(g) = 5*g**2 - 222*g - 2158. Give d(-9).
245
Let h(f) = -f**2 - 538*f - 51975. Give h(-414).
-639
Let y(x) = x**3 - 195*x**2 + 77*x - 18423. Determine y(195).
-3408
Let d(c) = -13*c**2 + 741*c + 7582. Calculate d(66).
-140
Let g(v) = 341886*v - 3418848. Give g(10).
12
Let i(v) = 2*v**2 - 89*v + 784. Determine i(23).
-205
Let h(d) = -d**3 - 7*d**2 - 5775*d - 52153. Give h(-9).
-16
Let i(a) = -a**3 + 19741*a**2 + 296342*a + 28. What is i(-15)?
-2
Let a(s) = 85*s**2 + 115*s - 27. Calculate a(4).
1793
Let b(v) = -18862*v + 15976106. Calculate b(847).
-8
Let m(o) = -8*o**3 - 70*o**2 - 57*o - 594. Calculate m(-9).
81
Let v(c) = -c**3 + 100*c**2 + 100*c + 123. What is v(101)?
22
Let n(r) = r**3 + 141*r**2 - 422091*r - 589. Calculate n(583).
-6
Let w(c) = -c**2 - 417*c - 39338. Determine w(-272).
102
Let t(w) = -29*w**2 + 40*w + 74. Calculate t(7).
-1067
Let m(t) = -135927*t - 3941869. Give m(-29).
14
Let d(o) = 2*o**2 + 10105*o + 80712. Calculate d(-8).
0
Let g(i) = 9*i**2 + 2141*i + 23378. What is g(-11)?
916
Let m(r) = 8*r**3 - 14*r**2 + 12069*r - 36224. Give m(3).
73
Let p(m) = -m**3 - 149*m**2 - 1419*m - 3483. Calculate p(-5).
12
Let r(f) = 8486*f + 52126. Calculate r(-6).
1210
Let f(y) = -y**2 + 47906*y + 670886. Give f(-14).
6
Let v(r) = 159*r - 24942. What is v(158)?
180
Let k(p) = -2*p**2 + 826*p - 24964. Calculate k(34).
808
Let o(h) = 41*h**2 - 1074*h - 11779. What is o(-11)?
4996
Let y(l) = -203*l**2 + 803*l + 13. Determine y(4).
-23
Let j(m) = -1320*m + 149082. Determine j(113).
-78
Let s(y) = -194574*y + 21208546. What is s(109)?
-20
Let u(a) = 6330*a - 455759. Give u(72).
1
Let m(f) = f**3 + 51*f**2 - 293*f - 319. What is m(6)?
-25
Let a(q) = -5*q**2 - 679*q - 5227. Calculate a(-130).
-1457
Let c(g) = -g**2 + 1431*g - 8500. What is c(6)?
50
Let u(h) = -28*h**2 + 16670*h - 39149. Give u(593).
-11
Let s(c) = 850*c - 7452. What is s(9)?
198
Let z(u) = 292912*u + 878731. Calculate z(-3).
-5
Let u(a) = 22*a**2 + 296*a + 584. Give u(-2).
80
Let y(l) = 93*l - 437. Determine y(13).
772
Let v(q) = -2*q**3 + 94*q**2 - 1213*q + 2787. Calculate v(25).
-38
Let v(l) = 17387*l - 156749. Determine v(9).
-266
Let c(o) = -11*o**2 + 2031*o - 18549. Determine c(175).
1
Let t(j) = 87951*j + 12. Calculate t(0).
12
Let o(g) = 5*g**2 + 1632*g + 4903. Determine o(-3).
52
Let v(i) = -i**2 - 39723*i + 1152731. What is v(29)?
-77
Let m(n) = -41*n**2 - 6*n - 267. Give m(0).
-267
Let p(r) = 102*r**2 + 342*r + 284. Determine p(-2).
8
Let z(l) = -17*l**2 + 219*l - 150. Calculate z(12).
30
Let m(k) = -20*k**3 - 5558*k**2 + 376*k - 50048. Determine m(-278).
-8
Let a(i) = -1945035*i - 91416650. Determine a(-47).
-5
Let k(x) = -26*x - 809. Determine k(-9).
-575
Let j(p) = -2*p**3 + 40*p**2 - 127*p - 699. Calculate j(10).
31
Let a(x) = -5424*x - 536981. What is a(-99)?
-5
Let n(y) = y**3 - 229*y**2 + 6909*y + 7531. What is n(193)?
4
Let t(m) = 765*m - 1783. Calculate t(3).
512
Let j(x) = 3721*x + 275322. Calculate j(-74).
-32
Let k(h) = 453*h + 19559. Determine k(-43).
80
Let a(n) = -9891*n + 89215. What is a(9)?
196
Let u(q) = -3*q**2 + 8894*q - 411334. What is u(47)?
57
Let a(p) = -203*p**2 - 5061*p - 61. Calculate a(-25).
-411
Let c(y) = -96*y**2 - 35521*y - 35791. What is c(-369)?
2
Let a(o) = -1274*o**2 + 40765*o + 175. Give a(32).
79
Let d(p) = -15*p**3 - 155*p**2 + 473*p - 11. Calculate d(3).
-392
Let h(r) = 47013*r - 1175306. Give h(25).
19
Let j(l) = -l**3 - 12*l**2 - 191*l - 617. Determine j(-5).
163
Let s(x) = -145*x**2 + 1157*x + 2338. Calculate s(-2).
-556
Let d(v) = -v**3 + 68*v**2 - 427*v - 469. Determine d(8).
-45
Let p(w) = 6*w**2 - 118*w + 687. Calculate p(13).
167
Let b(z) = 32*z**2 - 15922*z + 24786. Calculate b(496).
-14
Let q(b) = -4072*b + 105816. Determine q(26).
-56
Let d(c) = -23767*c - 2305407. What is d(-97)?
-8
Let x(n) = 121*n**2 + 4233*n - 105. Give x(-35).
-35
Let c(q) = -4093*q**2 - 323342*q + 407. What is c(-79)?
12
Let v(f) = 129*f**2 + 2167*f - 454. Calculate v(-17).
-12
Let d(b) = b**3 - 6*b**2 + 55*b - 413. Calculate d(11).
797
Let u(c) = -668*c - 4170. Determine u(-6).
-162
Let l(z) = -58*z**2 + 186*z + 103. Calculate l(4).
-81
Let c(y) = -y**3 - 62*y**2 + 474*y + 48929. Give c(-54).
5
Let c(j) = -1048*j**3 + 1040*j**2 + 208*j - 210. Determine c(1).
-10
Let c(x) = -x**3 - 34*x**2 + 270*x + 12047. Determine c(-34).
2867
Let c(r) = -r**3 + 65*r**2 - 7130*r + 463472. What is c(65)?
22
Let q(m) = -2976*m - 1202314. Give q(-404).
-10
Let x(g) = g**3 - 48*g**2 - 331*g + 2379. What is x(53)?
-1119
Let k(h) = h**3 - 16*h**2 + 88*h - 701. What is k(8)?
-509
Let f(z) = 2090*z**3 + 12*z**2 - 119*z + 106. Give f(1).
2089
Let d(v) = 48*v**3 - 17*v**2 + 109*v - 131. Determine d(2).
403
Let h(y) = y**3 + 18*y**2 + 896*y + 17349. Calculate h(-19).
-36
Let a(d) = 80*d**2 + 71*d + 220. Calculate a(-3).
727
Let u(s) = -s**3 + 3*s**2 + 49*s - 34. Determine u(14).
-1504
Let y(q) = 16275*q + 1578680. What is y(-97)?
5
Let d(t) = 10*t**2 - 87*t - 1465. Give d(-12).
1